n 1904044 is divided by 111.
61
What is the remainder when 415414422 is divided by 572?
566
Calculate the remainder when 124476 is divided by 1006.
738
Calculate the remainder when 57870 is divided by 11498.
380
Calculate the remainder when 181441 is divided by 6256.
17
What is the remainder when 631624 is divided by 57396?
268
Calculate the remainder when 12462 is divided by 6174.
114
Calculate the remainder when 87499155 is divided by 14.
9
Calculate the remainder when 751726 is divided by 187916.
62
Calculate the remainder when 106918 is divided by 26574.
622
What is the remainder when 70816891 is divided by 118?
17
What is the remainder when 235767186 is divided by 12?
6
What is the remainder when 253390 is divided by 3602?
1250
Calculate the remainder when 1610230 is divided by 165.
160
Calculate the remainder when 134191737 is divided by 1375.
1362
Calculate the remainder when 153642388 is divided by 15.
13
What is the remainder when 9561266 is divided by 27?
26
What is the remainder when 14336 is divided by 3348?
944
Calculate the remainder when 369025 is divided by 368891.
134
What is the remainder when 181986 is divided by 1335?
426
Calculate the remainder when 216772 is divided by 516.
52
What is the remainder when 344878 is divided by 2716?
2662
What is the remainder when 202181 is divided by 1477?
1309
What is the remainder when 17178 is divided by 2175?
1953
What is the remainder when 3562891 is divided by 55670?
11
What is the remainder when 21959 is divided by 20087?
1872
What is the remainder when 296817311 is divided by 42402470?
21
Calculate the remainder when 1928415 is divided by 13207.
193
What is the remainder when 380641 is divided by 36?
13
Calculate the remainder when 40914 is divided by 2435.
1954
Calculate the remainder when 31165277 is divided by 160.
157
What is the remainder when 2847351 is divided by 218?
53
What is the remainder when 827437 is divided by 30?
7
Calculate the remainder when 1138883727 is divided by 30.
27
Calculate the remainder when 2020366 is divided by 505084.
30
What is the remainder when 1664753 is divided by 554898?
59
What is the remainder when 435399 is divided by 86465?
3074
What is the remainder when 3239624 is divided by 100?
24
What is the remainder when 3296072 is divided by 84?
80
What is the remainder when 44393718 is divided by 274035?
48
Calculate the remainder when 16548 is divided by 741.
246
Calculate the remainder when 1787007 is divided by 893493.
21
What is the remainder when 2812 is divided by 1736?
1076
Calculate the remainder when 783588 is divided by 2924.
2880
What is the remainder when 127883 is divided by 427?
210
Calculate the remainder when 116698907 is divided by 6.
5
What is the remainder when 20054 is divided by 573?
572
What is the remainder when 72568123 is divided by 225?
223
Calculate the remainder when 1173588 is divided by 4006.
3836
Calculate the remainder when 1773747 is divided by 31.
20
Calculate the remainder when 2337928 is divided by 294.
40
Calculate the remainder when 363728 is divided by 121242.
2
Calculate the remainder when 696943 is divided by 106.
99
Calculate the remainder when 70747 is divided by 15007.
10719
Calculate the remainder when 498548 is divided by 38344.
76
What is the remainder when 972432 is divided by 15?
12
Calculate the remainder when 2864483 is divided by 1916.
63
Calculate the remainder when 2019147 is divided by 16.
11
Calculate the remainder when 509563 is divided by 509516.
47
Calculate the remainder when 18914118 is divided by 27.
24
What is the remainder when 148180 is divided by 3190?
1440
What is the remainder when 103157723 is divided by 12?
11
Calculate the remainder when 3900719 is divided by 15417.
218
Calculate the remainder when 836469 is divided by 166770.
2619
What is the remainder when 1072075 is divided by 1072063?
12
Calculate the remainder when 154286638 is divided by 90.
88
Calculate the remainder when 2231900 is divided by 241.
240
Calculate the remainder when 9793789 is divided by 1153.
207
What is the remainder when 4065778 is divided by 56?
10
What is the remainder when 139836 is divided by 6337?
422
Calculate the remainder when 78270 is divided by 75215.
3055
What is the remainder when 1556992038 is divided by 11?
8
Calculate the remainder when 1299 is divided by 1141.
158
Calculate the remainder when 23585 is divided by 284.
13
Calculate the remainder when 1932 is divided by 957.
18
What is the remainder when 198272 is divided by 4583?
1203
What is the remainder when 145376 is divided by 7590?
1166
What is the remainder when 276779 is divided by 22725?
4079
Calculate the remainder when 32947 is divided by 2689.
679
What is the remainder when 7028034 is divided by 179?
136
Calculate the remainder when 9523149 is divided by 396791.
165
What is the remainder when 6787561 is divided by 29?
24
Calculate the remainder when 81183452 is divided by 36.
32
What is the remainder when 32531 is divided by 10803?
122
Calculate the remainder when 3194840 is divided by 638877.
455
What is the remainder when 427632 is divided by 71271?
6
Calculate the remainder when 89102651 is divided by 32.
27
Calculate the remainder when 201068 is divided by 4101.
119
What is the remainder when 172712 is divided by 2699?
2675
What is the remainder when 12371175 is divided by 1321?
10
What is the remainder when 1295098 is divided by 323613?
646
What is the remainder when 606512 is divided by 1738?
1688
What is the remainder when 84150 is divided by 87?
21
What is the remainder when 2757214 is divided by 275706?
154
What is the remainder when 510057 is divided by 1121?
2
Calculate the remainder when 97873 is divided by 635.
83
What is the remainder when 193735 is divided by 139?
108
Calculate the remainder when 10613740 is divided by 200259.
13
What is the remainder when 2490383 is divided by 469?
462
Calculate the remainder when 2807104 is divided by 98.
90
What is the remainder when 17034179 is divided by 359?
347
Calculate the remainder when 947925 is divided by 231.
132
Calculate the remainder when 26273060 is divided by 13136523.
14
Calculate the remainder when 110145 is divided by 18258.
597
Calculate the remainder when 156077 is divided by 1310.
187
Calculate the remainder when 155068 is divided by 864.
412
Calculate the remainder when 753423 is divided by 753150.
273
What is the remainder when 139002 is divided by 506?
358
Calculate the remainder when 182336 is divided by 90663.
1010
Calculate the remainder when 8742318 is divided by 235.
83
Calculate the remainder when 3386 is divided by 359.
155
What is the remainder when 32346 is divided by 16169?
8
What is the remainder when 1259247 is divided by 797?
784
Calculate the remainder when 984107 is divided by 542.
377
What is the remainder when 2342144 is divided by 4220?
44
Calculate the remainder when 1690607 is divided by 1465.
1462
Calculate the remainder when 172405074 is divided by 914.
910
Calculate the remainder when 68098 is divided by 16400.
2498
What is the remainder when 66324 is divided by 3043?
2421
What is the remainder when 14184 is divided by 1813?
1493
Calculate the remainder when 23866397 is divided by 7955463.
8
What is the remainder when 58827812 is divided by 4763?
4762
Calculate the remainder when 78583 is divided by 60.
43
Calculate the remainder when 95533199 is divided by 4014.
4013
What is the remainder when 1824774 is divided by 7732?
22
Calculate the remainder when 14208 is divided by 1915.
803
What is the remainder when 713461 is divided by 287?
266
Calculate the remainder when 5773463 is divided by 1154687.
28
What is the remainder when 90318 is divided by 1107?
651
Calculate the remainder when 182539 is divided by 195.
19
What is the remainder when 11240857 is divided by 802917?
19
What is the remainder when 676980 is divided by 30771?
18
What is the remainder when 3278476 is divided by 3484?
32
Calculate the remainder when 10439 is divided by 4601.
1237
Calculate the remainder when 52896 is divided by 1504.
256
What is the remainder when 110017317 is divided by 3143351?
32
What is the remainder when 225713 is divided by 11234?
1033
What is the remainder when 261523 is divided by 261523?
0
What is the remainder when 114984015 is divided 